tors of o(-30).
7, 367
Suppose -4*y - 3308 = -3*y - 9891. What are the prime factors of y?
29, 227
Suppose 0 = t - 4*c - 648, -3933 + 783 = -5*t + 2*c. Suppose x - 5*x = t. Let y = -89 - x. List the prime factors of y.
2, 17
Let s(a) be the third derivative of -a**6/120 - 3*a**5/20 - a**4/24 - 11*a**3/6 + 125*a**2. Let l = 6 + -16. List the prime factors of s(l).
3, 11
Let d(u) = -23*u**2 - 2. Let a be d(-1). Let k = 5 + a. Let r(m) = -11*m - 50. List the prime factors of r(k).
2, 5, 17
Suppose 0 = 3*w + 4*d - 1311, 4*w + 160 = -2*d + 1918. Suppose 3*q + 2*f = 801 + w, -4*q + 4*f + 1676 = 0. Suppose 13*h - 11*h = q. List the prime factors of h.
2, 13
Let d be (-4 - 64/(-12))*3. Suppose -d*p + 5*p + 136 = 5*w, -3*w + 3*p = -72. List the prime factors of (-2)/(-3)*(5 + w).
2, 11
Suppose -1232901 = -74*u + 18*u + 25*u. List the prime factors of u.
3, 491
What are the prime factors of (4933 - (2 + -2)/(-13 + 17))*4?
2, 4933
Suppose -31*q = -69*q + 62890. What are the prime factors of q?
5, 331
What are the prime factors of (-2684)/(-488)*19088/22?
2, 1193
Let x be -6*(-3 - 25/10). List the prime factors of ((x/(-6))/11)/(3/(-2508)).
2, 11, 19
What are the prime factors of 6224 + -3*(-180)/(-54)?
2, 13, 239
Suppose 2*v + 12*v = 336. Suppose -v = -2*x - x. Suppose -4*p + 2*p = -x. What are the prime factors of p?
2
Let j be (-768)/48*(0 - (-98)/(-4)). Let t = j + -259. What are the prime factors of t?
7, 19
Let q(t) = 52*t**2 - 2*t + 2. Let r be q(-2). Suppose -2*o + r - 17 = 3*s, 0 = -4*o + 3*s + 421. List the prime factors of o.
103
Suppose 0 = -3*j + w + 17787, 4*j - w = 19235 + 4480. List the prime factors of j.
2, 3, 13, 19
Let s(z) = z**3 + 69*z**2 - 67*z + 535. What are the prime factors of s(-67)?
2, 7001
Let k(y) be the third derivative of -7/24*y**4 - 14*y**2 - 55/6*y**3 + 0*y + 0. What are the prime factors of k(-16)?
3, 19
Suppose o - 66172 = -3*f, 110288 = -2*f + 7*f + 2*o. What are the prime factors of f?
2, 3, 919
Let w(q) = -8 - 28 - 7 - 38 - 3*q. Let t be w(-27). Suppose t = -4*g - f + 54, 3*f = -2*f - 10. What are the prime factors of g?
2, 7
Suppose 4*b + 814 = -2*g, -g + 3*b = -3*g - 811. Let c = g - -1269. List the prime factors of c.
2, 7, 31
Let c(t) = t**3 + 7*t**2 - 45*t + 14. Let n be c(-12). Let f = -45 - n. What are the prime factors of f?
11
Let q be (-1)/(-3) + (-40)/30. Let i be (83*q/1)/(-1). Suppose -2*g + i = -d - 102, -3 = -d. List the prime factors of g.
2, 47
Suppose 0 = 2*y - 3*y + 1. Let v(s) = -1 + 64*s + 58*s - 1. List the prime factors of v(y).
2, 3, 5
Let j(n) = 5*n**3 + 3*n**2 - n + 1. Let r = -33 + 39. Suppose r*a - a = 15, 11 = 4*i + a. What are the prime factors of j(i)?
3, 17
Suppose -33*w + 35*w + j = 92925, 604025 = 13*w + 4*j. List the prime factors of w.
5, 9293
Let x(i) = 152*i**2 - 4*i + 27. What are the prime factors of x(4)?
7, 349
Suppose -2*q + 12 = 5*d, 18 + 2 = -5*q. What are the prime factors of 33 - d*5/20?
2
Let v(d) = 1097*d**3 + 2*d**2 - 2*d - 1. Let b be v(-2). List the prime factors of b/(-11) - 140/(-770).
797
Suppose -35*d - 61*d + 820032 = 0. List the prime factors of d.
2, 4271
Let s(u) = u**3 + 16*u**2 - 37*u - 15. Let o be s(-18). Suppose 2*z = -5*w + 6716, 3*z - 719 + 4757 = o*w. List the prime factors of w.
2, 3, 7
Let h = 5717 + -950. List the prime factors of h.
3, 7, 227
Let v(k) = 9 - 65*k + 133*k - 67*k + 61*k**2. List the prime factors of v(-4).
3, 109
Suppose 0 = -3*j - 542 + 143. Let g = 221 + j. Let z = 194 - g. What are the prime factors of z?
2, 53
What are the prime factors of ((-65)/(10 + -23) - -1798)/((-2)/(-4))?
2, 3, 601
Suppose -28*q + 170 = -11*q. Suppose -4*k + 2*k = -q. Suppose 5*l - 25 = 0, m - k*m - 3*l = -863. List the prime factors of m.
2, 53
Let o be 5*(-5)/75*-18. Suppose -7*n = -o*n - 62. What are the prime factors of n?
2, 31
Let h = -13510 - -19467. List the prime factors of h.
7, 23, 37
Suppose -o - r + 53 = 0, 2*o - 5*r - 101 = 12. Suppose o*q - 43*q = 924. What are the prime factors of q?
2, 3, 7
Let g(s) = -17*s - 122. Let f(y) = -17*y - 123. Let p(x) = -2*f(x) + 3*g(x). What are the prime factors of p(-28)?
2, 89
Let a be (16884/(-45))/((-1)/(-5)). Let k = 2725 + a. List the prime factors of k.
3, 283
Suppose -3*n = 3, 2*n + 3884 = 4*f - 2*n. Suppose -5*v + f = 235. Let r = -45 + v. What are the prime factors of r?
2, 3, 17
Suppose c + 20 = 6*c. Suppose -c*t + 1156 = -d, -4*t - d + 736 = -420. What are the prime factors of t?
17
Let q = -121 + 124. Suppose -4*u - q*h + 2008 = -5*h, 0 = -5*u + h + 2504. List the prime factors of u.
2, 5
Let h = 639 + 1444. What are the prime factors of h?
2083
Suppose 8 = 3*u - p, 0 = p + 2. Suppose 9*x - 532 = 602. Suppose x = 2*n + 2*j, -u*n + 3*j = -n - 75. What are the prime factors of n?
2, 3, 11
Let r = -14 - -17. Let c be 431/(0 - (r + -2)). Let f = -179 - c. What are the prime factors of f?
2, 3, 7
Let o(y) = y**3 + 2*y**2 - 15*y + 5. Let r be o(-5). Suppose -5*n - 755 = -3*b - 199, -r*b = 3*n - 904. List the prime factors of b.
2, 7, 13
Suppose -i = 5*z + 2070, 320 + 88 = -z + i. Let x = 767 + z. List the prime factors of x.
2, 3, 59
List the prime factors of 6/(-1) + (13241/3 - 2/(-6)).
2, 19, 29
Let l(q) be the second derivative of -5*q**3/6 - 5*q**2 + 2*q. Let f be l(-10). Suppose 0 = -2*n + j + f, 3*n + 6 = 4*j + 66. What are the prime factors of n?
2, 5
Let v(a) = 0*a**2 - 7*a**2 - 5 - 13*a - 5*a**3 + 1 - 8. What are the prime factors of v(-4)?
2, 31
Let l = 29695 + -12349. Suppose -35*n = -56*n + l. List the prime factors of n.
2, 7, 59
Let b = 471 + -313. Let d = b + -49. What are the prime factors of d?
109
Let d(v) = -4*v - 8 + 67 + v**3 + 0*v**3 + 0*v. What are the prime factors of d(0)?
59
Suppose 2*b + 34 - 38 = 0. Suppose -b*t = -7*t + 65. Suppose 605 = -8*f + t*f. List the prime factors of f.
11
Suppose 0 = 5*j - 10, 2*a = 4*j - 0 + 18. Let o(t) be the second derivative of t**4/4 - 13*t**3/3 - 3*t**2/2 + 2193*t. List the prime factors of o(a).
2, 83
Let b(w) = 80 - 9*w - 41*w - 2*w**2 + 4*w - 47*w. What are the prime factors of b(-37)?
3, 29
Let w be 1*774/36*-6. Let p(o) = -31*o**3 + 2*o**2 + o - 1. Let t be p(-2). Let n = t + w. What are the prime factors of n?
2, 31
Let c(v) = 3*v**2 + 89*v - 28. Let i be c(26). Suppose -790 = -4*j + i. List the prime factors of j.
2, 11, 29
Suppose i + 4*d + 35 = 27, 2*i + 4*d = 0. What are the prime factors of 117 + -3 - (-3 + i)?
109
Let f = 6308 - 4392. Suppose 0 = 21*c - 14023 - f. What are the prime factors of c?
3, 11, 23
Suppose -h = -5*h + y + 69496, -5*h + 4*y = -86881. What are the prime factors of h?
3, 5791
Let m be 2 - (-48)/21 - 4/14. Let y be 702 - m/(3 - 0 - 1). Suppose 5*t = i + y, -2*t + 407 = t + 2*i. List the prime factors of t.
139
Let h = 20 + -15. Suppose 0 = -4*v - 4*g - 532, 5*v + 665 = -h*g + 2*g. Let j = 202 + v. What are the prime factors of j?
3, 23
Suppose -31899 = -u + k, -2*k + 71611 = 3*u - 24126. What are the prime factors of u?
31907
Let m(b) = -6*b**3 - b**2. Let w be m(-1). What are the prime factors of ((-1477)/w + -3)*(-15)/6?
2, 373
Let f(n) = 11*n - 2. Let u be f(-6). Suppose -1545 = -59*r + 5476. Let l = u + r. List the prime factors of l.
3, 17
Suppose 0 = -2*c - 5*g + 79951, 5*g = 5*c - 97326 - 102499. What are the prime factors of c?
2, 1249
Let m = 25 + -34. Let q(f) = -95*f + 48. List the prime factors of q(m).
3, 7, 43
What are the prime factors of 4451 + 0 - 3/87*0?
4451
Suppose 17*g = 20*g + 33. Let f(s) = 3*s**2 + 21*s + 22. Let w be f(g). Suppose 3*c = 482 + w. What are the prime factors of c?
2, 53
Let a(s) = s + 22. Let t be a(-4). Suppose 9*r - t = 9. Suppose 4*c = 3*c - r, -4*y + 195 = -5*c. List the prime factors of y.
3, 5
Let i(k) = 10*k + 1. Let o be i(5). Let f = 131 - 126. Suppose -88 = -f*l - 2*n, -5*l - 3*n + 36 + o = 0. List the prime factors of l.
2, 3
Let y(x) = -1555*x**2 - 42*x - 100. Let w(a) = -518*a**2 - 14*a - 35. Let z(k) = 11*w(k) - 4*y(k). List the prime factors of z(-1).
523
Suppose -62*u = -68*u + 63648 + 61416. What are the prime factors of u?
2, 3, 193
Let a be 3/2 + (-5)/(-10). Let d(i) = 5*i - 2. Let c be d(1). Suppose -2*z - 257 = -c*z - 4*l, -1195 = -5*z - a*l. What are the prime factors of z?
3, 79
Let x be 0 - (5 + -5 + -11). Let f be (-1044)/(-26) + (-10)/65